{"id":177,"date":"2016-08-25T08:36:12","date_gmt":"2016-08-25T08:36:12","guid":{"rendered":"http:\/\/doganay.org\/?page_id=177"},"modified":"2016-08-25T08:36:12","modified_gmt":"2016-08-25T08:36:12","slug":"izcilikteki-evreler","status":"publish","type":"page","link":"https:\/\/doganay.org\/?page_id=177","title":{"rendered":"\u0130zcilikteki Evreler"},"content":{"rendered":"<p><strong>Yavrukurt: <\/strong><\/p>\n<ul>\n<li>7-11 ya\u015flar\u0131 aras\u0131ndaki izcilere yavrukurt denir.<\/li>\n<li>6-8 yavrukurt bir araya gelerek \u00f6bekleri olu\u015fturur.<\/li>\n<li>\u00d6bekler bir araya gelerek k\u00fcme ad\u0131 verilen \u00fcniteleri olu\u015fturur.<\/li>\n<li>K\u00fcme \u00fcnite liderine k\u00fcmeba\u015f\u0131 denir. K\u00fcmeba\u015f\u0131 fular rengi sar\u0131d\u0131r.<\/li>\n<\/ul>\n<p><strong>\u0130zci: <\/strong><\/p>\n<ul>\n<li>11-15 ya\u015flar\u0131 aras\u0131ndaki izcilerdir.<\/li>\n<li>6-8 izci bir araya gelerek obalar\u0131 olu\u015fturur.<\/li>\n<li>Obalar bir araya gelerek oymak ad\u0131 verilen \u00fcniteleri olu\u015fturur.<\/li>\n<li>Oymak \u00fcnite liderineoymakba\u015f\u0131 denir. Oymakba\u015f\u0131 fular rengi ye\u015fildir.<\/li>\n<\/ul>\n<p><strong>Ergin \u0130zci:<\/strong><\/p>\n<ul>\n<li>15-18 ya\u015flar\u0131 aras\u0131ndaki izcilere ergin izci denir.<\/li>\n<li>4-6 ergin izci bir araya gelerek ekipleri olu\u015fturur.<\/li>\n<li>Ekipler bir araya gelerek ocak ad\u0131 verilen \u00fcniteleri olu\u015fturur.<\/li>\n<li>Ocak \u00fcnite liderine ocakba\u015f\u0131 denir. Ocakba\u015f\u0131 fular rengi bordodur.<\/li>\n<\/ul>\n<p>&nbsp;<\/p>\n<p><img loading=\"lazy\" decoding=\"async\" class=\"alignnone  wp-image-180\" src=\"https:\/\/doganay.org\/wp-content\/uploads\/2016\/08\/izcievre-300x229.jpg\" alt=\"izcievre\" width=\"534\" height=\"408\" srcset=\"https:\/\/doganay.org\/wp-content\/uploads\/2016\/08\/izcievre-300x229.jpg 300w, https:\/\/doganay.org\/wp-content\/uploads\/2016\/08\/izcievre-768x585.jpg 768w, https:\/\/doganay.org\/wp-content\/uploads\/2016\/08\/izcievre-1024x780.jpg 1024w\" sizes=\"(max-width: 534px) 100vw, 534px\" \/><\/p>\n","protected":false},"excerpt":{"rendered":"<p>Yavrukurt: 7-11 ya\u015flar\u0131 aras\u0131ndaki izcilere yavrukurt denir. 6-8 yavrukurt bir araya gelerek \u00f6bekleri olu\u015fturur. \u00d6bekler bir araya gelerek k\u00fcme ad\u0131 verilen \u00fcniteleri olu\u015fturur&#8230;.<\/p>\n","protected":false},"author":3,"featured_media":0,"parent":0,"menu_order":0,"comment_status":"closed","ping_status":"closed","template":"","meta":{"footnotes":""},"_links":{"self":[{"href":"https:\/\/doganay.org\/index.php?rest_route=\/wp\/v2\/pages\/177"}],"collection":[{"href":"https:\/\/doganay.org\/index.php?rest_route=\/wp\/v2\/pages"}],"about":[{"href":"https:\/\/doganay.org\/index.php?rest_route=\/wp\/v2\/types\/page"}],"author":[{"embeddable":true,"href":"https:\/\/doganay.org\/index.php?rest_route=\/wp\/v2\/users\/3"}],"replies":[{"embeddable":true,"href":"https:\/\/doganay.org\/index.php?rest_route=%2Fwp%2Fv2%2Fcomments&post=177"}],"version-history":[{"count":1,"href":"https:\/\/doganay.org\/index.php?rest_route=\/wp\/v2\/pages\/177\/revisions"}],"predecessor-version":[{"id":181,"href":"https:\/\/doganay.org\/index.php?rest_route=\/wp\/v2\/pages\/177\/revisions\/181"}],"wp:attachment":[{"href":"https:\/\/doganay.org\/index.php?rest_route=%2Fwp%2Fv2%2Fmedia&parent=177"}],"curies":[{"name":"wp","href":"https:\/\/api.w.org\/{rel}","templated":true}]}}