{"id":198,"date":"2016-08-25T08:49:12","date_gmt":"2016-08-25T08:49:12","guid":{"rendered":"http:\/\/doganay.org\/?page_id=198"},"modified":"2016-08-25T08:52:43","modified_gmt":"2016-08-25T08:52:43","slug":"izci-alkislari","status":"publish","type":"page","link":"https:\/\/doganay.org\/?page_id=198","title":{"rendered":"\u0130zci Alk\u0131\u015flar\u0131"},"content":{"rendered":"<h2>YA\u011eMUR ALKI\u015eI<\/h2>\n<p>\u00d6nce \u0130\u015faret parmaklar\u0131 Birbirine vurulmaya ba\u015flar daha sonra 2 parmak, sonra 3 parmak ard\u0131ndan 4 parmak birbirine vurularak devam edilir ve arkas\u0131ndan eller birine vurulur. Son olarak ise bu i\u015flemler tersinden yap\u0131larak alk\u0131\u015fa son verilir.<\/p>\n<p>&nbsp;<\/p>\n<h2>\u00c7\u0130KABUM ALKI\u015eI<\/h2>\n<p>\u00c7ikaabuuum \u00e7ikaabuuum<\/p>\n<p>\u00c7ikovakka \u00e7ikabuuum<\/p>\n<p>\u00c7ikovakka \u00c7ikovakka\u00a0 \u00c7ikovakka \u00e7ikabuuum<\/p>\n<p>Aaaha<\/p>\n<p>One more time<\/p>\n<p>More loud<\/p>\n<p>\u00c7ikaabuuum \u00e7ikaabuuum<\/p>\n<p>\u00c7ikovakka \u00e7ikabuuum<\/p>\n<p>\u00c7ikovakka \u00c7ikovakka\u00a0 \u00c7ikovakka \u00e7ikabuuum<\/p>\n<p>Aaaha<\/p>\n<p>Let\u2019s finish it<\/p>\n<p>Bu alk\u0131\u015f, eller bir kez dize vurulur daha sonra birbirine vurularak s\u00f6ylenir.<\/p>\n<p>&nbsp;<\/p>\n<h2>B-RA-VO ALKI\u015eI<\/h2>\n<p>\u0130zciler tekrar \u00fc\u00e7 guruba ayr\u0131l\u0131r. Guruplardan biri BI der. \u0130kincisi RA, \u00fc\u00e7\u00fcnc\u00fcs\u00fc VO der. Lider alk\u0131\u015f\u0131 ba\u015flat\u0131r. \u0130\u015faret edilen grup y\u00fcksek sesle ba\u011f\u0131r\u0131r.<\/p>\n<p>&nbsp;<\/p>\n<h2>FL\u0130 ALKI\u015eI<\/h2>\n<p>Flii<\/p>\n<p>Fli flay flooo<\/p>\n<p>Fechka<\/p>\n<p>Kombleadi Kombleadi Kombleadi Fechka<\/p>\n<p>Naaa naaa na na na Fechka<\/p>\n<p>Fechka mene salamene hovakko vaka mene<\/p>\n<p>Fechka mene salamene hovakko vak<\/p>\n<p>Bi daaaad bi dad dadaddata bi data bi data<\/p>\n<p>Bi dad dadaddata<\/p>\n<p>F\u0131\u0131\u0131\u0131\u0131\u0131\u0131\u015f<\/p>\n<p>Bu alk\u0131\u015f, ilk s\u00f6yleni\u015finde eller bir kez dize vurulur. Daha sonra birbirine vurularak yava\u015f tempoyla s\u00f6ylenir. \u0130kinci s\u00f6yleni\u015finde eller s\u00fcrekli birbirine vurularak h\u0131zl\u0131 tempoyla s\u00f6ylenir.<\/p>\n<p>&nbsp;<\/p>\n<h2>KARPUZ ALKI\u015eI<\/h2>\n<p>\u0130zciler ellerine bol \u00e7ekirdekli bir karpuz dilimi al\u0131rlar. Ve liderin i\u015fareti ile \u201cHam! Ham! Ham!\u201d sesleri ile karpuzu \u00fc\u00e7 kez \u0131s\u0131r\u0131rlar. Ve a\u011f\u0131zlar\u0131ndaki \u00e7ekirdekleri kar\u015f\u0131daki ki\u015fi ya da gurubun \u00fczerine do\u011fru yollarlar.<\/p>\n<p>&nbsp;<\/p>\n<h2>TAHTEREVALL\u0130 ALKI\u015eI<\/h2>\n<p>Lider, izcilerin kar\u015f\u0131s\u0131nda kollar\u0131n\u0131 iki yana a\u00e7ar. \u0130zciler sa\u011f ve sol tarafta olmak \u00fczere iki gruba ayr\u0131l\u0131r. Liderin kolunu indirdi\u011fi y\u00f6ndeki izciler ellerini bir defa vurur. Liderin kollar\u0131 bir tahterevalli gibi inip kalkt\u0131k\u00e7a, inen taraflar birer defa ellerini \u00e7\u0131rparlar.<\/p>\n<p>&nbsp;<\/p>\n<h2>G\u00d6\u011e\u00dcS ALKI\u015eI<\/h2>\n<p>Eller, trampet \u00e7alar gibi g\u00f6\u011fse vurulur. Bu hareket yap\u0131l\u0131rken bir yandan da\u00a0 alk\u0131\u015f\u0131 yapt\u0131ran ki\u015fi taraf\u0131ndan s\u00f6ylenen sesli harf \u00e7\u0131kar\u0131l\u0131r. \u00d6rne\u011fin: Ooooooo, Uuuuuuuu, \u0130iiiiiiii&#8230;<\/p>\n<p>&nbsp;<\/p>\n<h2>KAHVALTI ALKI\u015eI<\/h2>\n<p>\u0130zciler 3 gruba ayr\u0131l\u0131r. Her grubun ne s\u00f6yleyece\u011fi belirlenir;<\/p>\n<ol>\n<li>Grup: peynir-ekmek<\/li>\n<li>Grup: zeytin-yumurta<\/li>\n<li>Grup: s\u00fct<\/li>\n<\/ol>\n<p>S\u0131ra ile gruplar kendi k\u00fcmelerince s\u00f6ylenecek olan kelimeleri s\u00f6ylerler. Oyun hi\u00e7 durmadan her k\u00fcme kendi kelimelerini s\u00f6yleyerek bir s\u00fcre devam eder.<\/p>\n<p>&nbsp;<\/p>\n<h2>S\u00dcVAR\u0130 ALKI\u015eI<\/h2>\n<p>Atlar toprakta y\u00fcr\u00fcyor (Eller dizlere vurulur.)<\/p>\n<p>Atlar k\u00f6pr\u00fcde y\u00fcr\u00fcyor (Yumruklar g\u00f6\u011fse vurulur.)<\/p>\n<p>Atlar otlar aras\u0131nda y\u00fcr\u00fcyor (Eller bir birine s\u00fcrt\u00fcl\u00fcr.)<\/p>\n<p>Atlar \u00e7amurda y\u00fcr\u00fcyor (A\u011f\u0131zla \u00e7amurda \u00e7\u0131kard\u0131\u011f\u0131 ses \u00e7\u0131kar\u0131l\u0131r.)<\/p>\n<p>Atlar hendekten atl\u0131yor (Hooop g\u00fc\u00fcm, diye ba\u011f\u0131r\u0131l\u0131r.)<\/p>\n","protected":false},"excerpt":{"rendered":"<p>YA\u011eMUR ALKI\u015eI \u00d6nce \u0130\u015faret parmaklar\u0131 Birbirine vurulmaya ba\u015flar daha sonra 2 parmak, sonra 3 parmak ard\u0131ndan 4 parmak birbirine vurularak devam edilir ve&#8230;<\/p>\n","protected":false},"author":3,"featured_media":0,"parent":0,"menu_order":0,"comment_status":"closed","ping_status":"closed","template":"","meta":{"footnotes":""},"_links":{"self":[{"href":"https:\/\/doganay.org\/index.php?rest_route=\/wp\/v2\/pages\/198"}],"collection":[{"href":"https:\/\/doganay.org\/index.php?rest_route=\/wp\/v2\/pages"}],"about":[{"href":"https:\/\/doganay.org\/index.php?rest_route=\/wp\/v2\/types\/page"}],"author":[{"embeddable":true,"href":"https:\/\/doganay.org\/index.php?rest_route=\/wp\/v2\/users\/3"}],"replies":[{"embeddable":true,"href":"https:\/\/doganay.org\/index.php?rest_route=%2Fwp%2Fv2%2Fcomments&post=198"}],"version-history":[{"count":2,"href":"https:\/\/doganay.org\/index.php?rest_route=\/wp\/v2\/pages\/198\/revisions"}],"predecessor-version":[{"id":205,"href":"https:\/\/doganay.org\/index.php?rest_route=\/wp\/v2\/pages\/198\/revisions\/205"}],"wp:attachment":[{"href":"https:\/\/doganay.org\/index.php?rest_route=%2Fwp%2Fv2%2Fmedia&parent=198"}],"curies":[{"name":"wp","href":"https:\/\/api.w.org\/{rel}","templated":true}]}}