{"id":46,"date":"2016-08-13T20:28:43","date_gmt":"2016-08-13T20:28:43","guid":{"rendered":"http:\/\/doganay.org\/?page_id=46"},"modified":"2016-08-13T20:28:43","modified_gmt":"2016-08-13T20:28:43","slug":"iletisim","status":"publish","type":"page","link":"https:\/\/doganay.org\/?page_id=46","title":{"rendered":"\u0130leti\u015fim"},"content":{"rendered":"<p>Bizlere bilgi@doganay.com adresinden veya sosyal medya hesaplar\u0131m\u0131z arac\u0131l\u0131\u011f\u0131 ile ula\u015fabilirsiniz.<\/p>\n","protected":false},"excerpt":{"rendered":"<p>Bizlere bilgi@doganay.com adresinden veya sosyal medya hesaplar\u0131m\u0131z arac\u0131l\u0131\u011f\u0131 ile ula\u015fabilirsiniz.<\/p>\n","protected":false},"author":3,"featured_media":0,"parent":0,"menu_order":0,"comment_status":"closed","ping_status":"closed","template":"","meta":{"footnotes":""},"_links":{"self":[{"href":"https:\/\/doganay.org\/index.php?rest_route=\/wp\/v2\/pages\/46"}],"collection":[{"href":"https:\/\/doganay.org\/index.php?rest_route=\/wp\/v2\/pages"}],"about":[{"href":"https:\/\/doganay.org\/index.php?rest_route=\/wp\/v2\/types\/page"}],"author":[{"embeddable":true,"href":"https:\/\/doganay.org\/index.php?rest_route=\/wp\/v2\/users\/3"}],"replies":[{"embeddable":true,"href":"https:\/\/doganay.org\/index.php?rest_route=%2Fwp%2Fv2%2Fcomments&post=46"}],"version-history":[{"count":1,"href":"https:\/\/doganay.org\/index.php?rest_route=\/wp\/v2\/pages\/46\/revisions"}],"predecessor-version":[{"id":47,"href":"https:\/\/doganay.org\/index.php?rest_route=\/wp\/v2\/pages\/46\/revisions\/47"}],"wp:attachment":[{"href":"https:\/\/doganay.org\/index.php?rest_route=%2Fwp%2Fv2%2Fmedia&parent=46"}],"curies":[{"name":"wp","href":"https:\/\/api.w.org\/{rel}","templated":true}]}}